 8*x**2 - 19*x + 5. What is f(5)?
-15
Let i(j) = -j**2 - 11*j - 2. Calculate i(-12).
-14
Let h(k) = -3*k - 9. Give h(13).
-48
Let n(u) = -2*u - 3. Calculate n(-13).
23
Let r(m) = -m**2 + 12*m + 2. Determine r(14).
-26
Let p(q) = -18*q**2 + q. Calculate p(1).
-17
Let m(c) = -c**3 - 42*c**2 + 38*c - 223. What is m(-43)?
-8
Let c(h) = -13*h**2 + 2*h - 4. Give c(3).
-115
Let c(u) = 6*u + 155. Give c(-25).
5
Let l(w) = w + 5. What is l(-4)?
1
Let g(i) = -i**2 + 3*i + 1. Give g(5).
-9
Let a(j) = -j**3 + 6*j**2 - 11. What is a(6)?
-11
Let s(r) = -r**2 + 10. Give s(0).
10
Let y(q) = q**2 + 2*q - 5. Give y(-4).
3
Let g(k) = -3*k + 11. What is g(-5)?
26
Let s(b) = -b**2 + 8*b - 3. Give s(8).
-3
Let x(o) = -31*o - 14. What is x(-2)?
48
Let p(n) = 3*n + 8. What is p(6)?
26
Let p(h) = -h + 3. Calculate p(4).
-1
Let u(b) = -2*b**2 + 3*b + 1. What is u(-2)?
-13
Let w(n) = 37*n - 229. Determine w(6).
-7
Let c(j) = j**3 + 11*j**2 - 2. Determine c(-11).
-2
Let a(j) = -5*j + 17. Determine a(8).
-23
Let b(g) = -5*g + 139. Calculate b(23).
24
Let l(c) = -c**2 + 17*c + 2. Determine l(17).
2
Let n(d) = d**2 - 16*d - 23. What is n(14)?
-51
Let n(t) = -2*t**2 + 14*t. Calculate n(7).
0
Let z(a) = 26*a - 1. Give z(-2).
-53
Let s(h) = 4*h**3 + 3*h**2 + 2*h + 2. Calculate s(-2).
-22
Let t(u) = 2*u**2 + 22*u + 53. Determine t(-7).
-3
Let m(r) = 31*r + 183. Determine m(-6).
-3
Let j(k) = 3*k - 25. What is j(8)?
-1
Let m(p) = -p**2 - 15*p + 6. What is m(-15)?
6
Let v(i) = -11*i - 12. Give v(11).
-133
Let a(p) = p**3 + 8*p**2 + 9*p + 2. What is a(-7)?
-12
Let s(o) = -o**3 + 8*o**2 - 22*o + 263. Calculate s(9).
-16
Let o(u) = u**2 - 7*u + 2. Give o(5).
-8
Let p(z) = -z**2 + 26*z + 95. Calculate p(29).
8
Let p(s) = -s**3 - 18*s**2 - 7*s - 36. Determine p(-18).
90
Let x(f) = -f**3 + 6*f**2 + 11*f - 5. Determine x(7).
23
Let x(z) = -z**2 + 7*z - 1. Calculate x(5).
9
Let z(l) = 16*l + 62. Determine z(-4).
-2
Let v(k) = -k**2 + 11*k - 6. What is v(8)?
18
Let l(v) = -v**3 + 11*v**2 - 18*v - 12. Calculate l(9).
-12
Let n(x) = x**2 + 53*x + 489. What is n(-41)?
-3
Let d(n) = -4*n - 3. Determine d(-8).
29
Let h(x) = 6*x**3 - 4*x**2 - 5*x - 1. What is h(-1)?
-6
Let f(w) = -7*w + 19. Calculate f(4).
-9
Let x(w) = -2*w**3 - 14*w**2 + 11*w - 1. Calculate x(-8).
39
Let r(a) = 18*a - 128. Give r(9).
34
Let l(y) = y**3 + 12*y**2 - 4*y - 32. What is l(-12)?
16
Let z(x) = x**3 - 8*x**2 - 7*x + 20. Determine z(9).
38
Let d(i) = -10*i**2 - 10*i - 11. Give d(-2).
-31
Let b(u) = -u**3 + 17*u**2 - 2*u + 35. Determine b(17).
1
Let u(n) = -10*n + 4. Calculate u(5).
-46
Let w(r) = -2*r**2 + 32*r - 21. What is w(14)?
35
Let s(v) = -v**2 - 30*v + 347. Calculate s(9).
-4
Let v(k) = -6*k + 3. Calculate v(-4).
27
Let k(w) = -w**2 + 4*w - 4. Give k(4).
-4
Let w(u) = -u**3 + 7*u**2 + 6*u + 6. What is w(8)?
-10
Let z(x) = 3*x**2 + 5*x - 2. What is z(3)?
40
Let p(q) = q + 49. Determine p(12).
61
Let r(u) = -66*u**3 - 3*u - 2. Calculate r(-1).
67
Let j(y) = -y**3 - 20*y**2 + 9*y + 18. Determine j(-20).
-162
Let q(f) = -4*f - 75. Give q(-20).
5
Let a(r) = 2*r**2 + 13*r + 7. Determine a(-5).
-8
Let n(w) = -12*w**3 - 1. Give n(1).
-13
Let w(v) = v**2 - 18. What is w(7)?
31
Let p(x) = -x**3 + 31*x**2 + 28*x + 50. Calculate p(32).
-78
Let w(g) = 4*g + 35. Give w(-18).
-37
Let y(q) = -7*q**2 - 2*q + 2. Calculate y(1).
-7
Let n(a) = -a**2 - 22*a + 40. What is n(-24)?
-8
Let z(j) = -17*j + 1. Calculate z(-1).
18
Let v(f) = -f**2 + 14*f + 5. What is v(14)?
5
Let y(f) = -f**3 + 6*f**2 + 27*f - 8. Determine y(9).
-8
Let i(a) = a**3 - 7*a**2 + 13*a - 4. Determine i(5).
11
Let o(s) = 17*s + 25. Give o(-2).
-9
Let a(h) = h**3 - 8*h**2 - 5*h + 3. Give a(4).
-81
Let y(l) = -l**2 - 26*l - 163. What is y(-10)?
-3
Let p(j) = -2*j + 2. Calculate p(-8).
18
Let l(b) = b**2 - 21*b + 81. Give l(17).
13
Let g(f) = f**2 - 8*f - 10. Give g(7).
-17
Let d(o) = o**3 - 4*o**2 - 23*o + 9. Determine d(7).
-5
Let k(v) = v**3 + v**2 + v - 7. Give k(-4).
-59
Let j(f) = f**3 - f**2 + 15*f - 1. Determine j(0).
-1
Let h(o) = -o**3 - 9*o**2 - 4*o - 8. Give h(-9).
28
Let a(u) = -2*u**2 + 4*u + 1. Calculate a(-5).
-69
Let r(k) = -2*k**2 - 4*k - 1. What is r(-3)?
-7
Let t(n) = n**3 + 7*n**2 + 4*n - 11. Give t(-6).
1
Let l(c) = 2*c**3 - 29*c**2 - 46*c - 22. Determine l(16).
10
Let w(n) = 2*n - 4. Give w(0).
-4
Let w(q) = q**3 + 5*q**2 - 4*q - 6. What is w(-5)?
14
Let r(h) = -15*h - 714. Give r(-48).
6
Let z(w) = -2*w - 17. Calculate z(-8).
-1
Let r(g) = g**3 + 4*g - 6. Determine r(0).
-6
Let b(d) = d**2 + 19*d + 25. What is b(-14)?
-45
Let d(a) = -6*a + 47. Calculate d(10).
-13
Let u(w) = w**3 + 3*w**2 - 7*w + 12. Determine u(-5).
-3
Let a(y) = -4*y**2 - 40*y + 16. Calculate a(-8).
80
Let z(i) = -i**3 - 10*i**2 - 3*i + 18. What is z(-8)?
-86
Let a(z) = 5*z - 178. Determine a(36).
2
Let m(f) = -f**2 - 3*f - 6. Determine m(-8).
-46
Let k(y) = y**3 + 6*y**2 + 14*y + 16. What is k(-4)?
-8
Let p(o) = 17*o - 71. Calculate p(4).
-3
Let m(v) = -v**2 + 27*v + 265. Determine m(35).
-15
Let b(u) = u**3 - u**2 - 10*u - 2. Calculate b(-3).
-8
Let a(g) = -g**3 + 10*g**2 - 12*g + 2. What is a(8)?
34
Let t(f) = -f**3 + f**2 - 5*f + 1. Determine t(4).
-67
Let l(r) = r**3 + 9*r**2 - 13*r - 33. Give l(-10).
-3
Let v(i) = i**3 + 4*i**2 + i - 1. Give v(-2).
5
Let r(n) = -n - 1. Determine r(3).
-4
Let w(h) = -h**3 - 9*h**2 - 5. Determine w(-9).
-5
Let b(g) = -5*g**3 - 2*g**2 - g. What is b(-1)?
4
Let b(f) = 20*f + 18. What is b(-2)?
-22
Let m(c) = -2*c + 8. Determine m(-6).
20
Let j(g) = -g**3 - 18*g**2 - 6*g - 105. What is j(-18)?
3
Let r(a) = a**3 - 7*a**2 - 19*a + 4. Determine r(10).
114
Let y(a) = -11*a + 21. Calculate y(6).
-45
Let p(n) = -n**3 - 4*n**2 - 2*n - 10. Determine p(-4).
-2
Let a(i) = -4*i - 1. Give a(-2).
7
Let o(i) = 2*i**2 - 7*i - 1. What is o(3)?
-4
Let h(s) = 4*s**3 + 3*s**2 - 3*s + 1. Determine h(1).
5
Let v(i) = -i + 6. Determine v(5).
1
Let y(f) = 5*f**2 - 14*f - 31. Calculate y(-2).
17
Let k(s) = -s**2 + 3*s - 6. Calculate k(4).
-10
Let g(u) = -5*u**3 + u**2 + u - 1. Give g(1).
-4
Let s(k) = 11*k - 10. What is s(2)?
12
Let l(s) = 58*s**2 - 2*s. Give l(1).
56
Let v(l) = -l**3 - l**2 + 3*l + 1. Calculate v(-2).
-1
Let u(l) = l**3 + 2*l**2 - 2*l + 21. Calculate u(-4).
-3
Let r(q) = -q**3 - 14*q**2 + 2*q + 5. Determine r(-14).
-23
Let p(f) = -f**2 + 9*f + 2. Calculate p(8).
10
Let r(x) = -13*x**3 + x**2 + 4*x - 6. Calculate r(1).
-14
Let x(g) = 6*g**3 + g. Calculate x(-1).
-7
Let o(x) = x**3 - 11*x**2 - 9*x - 17. Determine o(12).
19
Let k(z) = 3*z**3 - 4*z**2 - 3*z + 1. Determine k(-2).
-33
Let r(b) = -b**2 - 15*b + 13. Calculate r(-12).
49
Let k(b) = -3*b**2 - 15*b - 33. Determine k(-3).
-15
Let d(f) = 21*f + 6. Give d(0).
6
Let d(a) = -a**2 - 11*a + 32. Give d(-15).
-28
Let a(n) = -n**2 - 10*n - 29. Give a(-6).
-5
Let y(a) = a**2 + 4*a - 9. Calculate y(2).
3
Let c(g) = -23*g - 1. Calculate c(1).
-24
Let u(v) = -v**2 + 30*v + 35. What is u(33)?
-64
Let n(j) = -j + 1. Calculate n(-7).
8
Let b(w) = -w**3 - 8*w**2 - 11*w - 1. Calculate b(-6).
-7
Let v(s) = 2*s + 37. Calculate v(-12).
13
Let x(a) = a**3 - a**2 + 2*a - 7. Determine x(2).
1
Let j(n) = -3*n. Give j(-6).
18
Let l(g) = -g**2 + g + 8. What is l(-6)?
-34
Let t(r) = -6*r + 15. Calculate t(6).
-21
Let h(s) = -s**3 + 24*s**2 + 24*s + 28. What is h(25)?
3
Let q(g) = -g**3 - 4*g**2 - 5*g - 2. Calculate q(-3).
4
Let q(g) = -g**2 + 13*g - 34. Determine q(7).
8
Let l(g) = -g + 19. Determine l(0).
19
Let a(x) = 20*x - 71. Calculate a(5).
29
Let n(l) = -2*l**3 + 11*l + 7. What is n(3)?
-14
Let g(m) = 3*m - 27. What is g(12)?
9
Let c(p) = -p**2 - 15*p - 55. What is c(-5)?
-5
Let m(k) = 8*k + 49. Calculate m(-6).
1
Let y(a) = -a**2 + 3*a - 6. Determine y(6).
-24
Let b(t) = 28*t - 12. Determine b(2).
44
Let x(s) = -s + 3. What is x(-1)?
4
Let r(j) = -j**3 + 19*j**2 + 46*j - 10. Calculate r(21).
74
Let c(b) = -b**3 + 2*b**2 + 2*b + 13. What is c(0)?
13
Let x(s) = -s**2 - 27*s - 157. Determine x(-8).
-5
Let t(z) = 3*z**2 + 6*z. Determine t(-4).
24
Let d(l) = -13*l. Determine d(1).
-13
Let r(v) = -v**2 - 13*v - 2. Determine r(-12).
10
Let k(z) = -5*z**2 - 3*z - 2. Determine k(-3).
-38
Let f(k) = -k**3 + 2*k**2 + 6*k - 5. Give f(3).
4
Let a(d) = 10*d - 29. What is a(6)?
31
Let t(q) = -q**3 + 5*q**2 - 6*q + 11. 